 of 1715.
5, 7
What are the prime factors of 90814?
2, 17, 2671
List the prime factors of 528.
2, 3, 11
What are the prime factors of 175?
5, 7
List the prime factors of 283.
283
List the prime factors of 2609.
2609
List the prime factors of 300.
2, 3, 5
List the prime factors of 3303.
3, 367
List the prime factors of 607.
607
What are the prime factors of 15388?
2, 3847
List the prime factors of 222.
2, 3, 37
What are the prime factors of 3273?
3, 1091
List the prime factors of 58501.
19, 3079
What are the prime factors of 4630?
2, 5, 463
What are the prime factors of 2781?
3, 103
What are the prime factors of 172?
2, 43
What are the prime factors of 189258?
2, 3, 31543
What are the prime factors of 267?
3, 89
List the prime factors of 1118.
2, 13, 43
List the prime factors of 2721.
3, 907
List the prime factors of 80820.
2, 3, 5, 449
List the prime factors of 2313.
3, 257
What are the prime factors of 2431?
11, 13, 17
List the prime factors of 1829.
31, 59
List the prime factors of 2127.
3, 709
List the prime factors of 728.
2, 7, 13
What are the prime factors of 11194?
2, 29, 193
List the prime factors of 78716.
2, 11, 1789
What are the prime factors of 1704?
2, 3, 71
List the prime factors of 121.
11
What are the prime factors of 2109?
3, 19, 37
List the prime factors of 2003.
2003
What are the prime factors of 1574?
2, 787
List the prime factors of 19.
19
List the prime factors of 25096.
2, 3137
List the prime factors of 5250.
2, 3, 5, 7
List the prime factors of 3007.
31, 97
List the prime factors of 105208.
2, 13151
What are the prime factors of 72334?
2, 59, 613
List the prime factors of 6616.
2, 827
What are the prime factors of 19048?
2, 2381
What are the prime factors of 12196?
2, 3049
List the prime factors of 11899.
73, 163
List the prime factors of 18252.
2, 3, 13
List the prime factors of 816.
2, 3, 17
What are the prime factors of 928?
2, 29
List the prime factors of 58836.
2, 3, 4903
List the prime factors of 22411.
73, 307
List the prime factors of 1843.
19, 97
What are the prime factors of 1108?
2, 277
What are the prime factors of 4967?
4967
What are the prime factors of 1227?
3, 409
List the prime factors of 78772.
2, 47, 419
What are the prime factors of 10633?
7, 31
What are the prime factors of 813?
3, 271
What are the prime factors of 6678?
2, 3, 7, 53
List the prime factors of 8998.
2, 11, 409
What are the prime factors of 1068?
2, 3, 89
List the prime factors of 983.
983
What are the prime factors of 8844?
2, 3, 11, 67
List the prime factors of 2516.
2, 17, 37
List the prime factors of 15173.
15173
What are the prime factors of 5182?
2, 2591
What are the prime factors of 3629?
19, 191
List the prime factors of 130304.
2, 509
What are the prime factors of 9225?
3, 5, 41
List the prime factors of 4247.
31, 137
What are the prime factors of 91446?
2, 3, 15241
What are the prime factors of 10406?
2, 11, 43
List the prime factors of 80828.
2, 11, 167
List the prime factors of 119.
7, 17
List the prime factors of 13018.
2, 23, 283
What are the prime factors of 435?
3, 5, 29
What are the prime factors of 57624?
2, 3, 7
What are the prime factors of 1871?
1871
List the prime factors of 3129.
3, 7, 149
What are the prime factors of 17091?
3, 211
What are the prime factors of 6090?
2, 3, 5, 7, 29
What are the prime factors of 57810?
2, 3, 5, 41, 47
List the prime factors of 385.
5, 7, 11
List the prime factors of 3526.
2, 41, 43
What are the prime factors of 28062?
2, 3, 1559
What are the prime factors of 4253?
4253
List the prime factors of 24207.
3, 8069
List the prime factors of 60854.
2, 30427
What are the prime factors of 32861?
17, 1933
What are the prime factors of 31673?
19, 1667
List the prime factors of 120201.
3, 103, 389
What are the prime factors of 12739?
12739
What are the prime factors of 4032?
2, 3, 7
What are the prime factors of 114?
2, 3, 19
What are the prime factors of 1462?
2, 17, 43
What are the prime factors of 4791?
3, 1597
List the prime factors of 5523.
3, 7, 263
List the prime factors of 835.
5, 167
What are the prime factors of 22968?
2, 3, 11, 29
What are the prime factors of 9373?
7, 13, 103
List the prime factors of 37063.
13, 2851
What are the prime factors of 2084?
2, 521
What are the prime factors of 7847?
7, 19, 59
What are the prime factors of 10924?
2, 2731
What are the prime factors of 6314?
2, 7, 11, 41
What are the prime factors of 2628?
2, 3, 73
List the prime factors of 664.
2, 83
What are the prime factors of 1040?
2, 5, 13
List the prime factors of 381.
3, 127
What are the prime factors of 24022?
2, 12011
List the prime factors of 714.
2, 3, 7, 17
List the prime factors of 44437.
37, 1201
What are the prime factors of 168?
2, 3, 7
What are the prime factors of 2937?
3, 11, 89
What are the prime factors of 121?
11
List the prime factors of 50071.
7, 23, 311
List the prime factors of 33168.
2, 3, 691
List the prime factors of 412.
2, 103
What are the prime factors of 417?
3, 139
List the prime factors of 1211.
7, 173
What are the prime factors of 33391?
33391
What are the prime factors of 85008?
2, 3, 7, 11, 23
List the prime factors of 45282.
2, 3, 7547
List the prime factors of 3225.
3, 5, 43
List the prime factors of 1955.
5, 17, 23
List the prime factors of 2589.
3, 863
List the prime factors of 152.
2, 19
List the prime factors of 5865.
3, 5, 17, 23
List the prime factors of 1529.
11, 139
List the prime factors of 19819.
19819
What are the prime factors of 602?
2, 7, 43
List the prime factors of 3442.
2, 1721
What are the prime factors of 19804?
2, 4951
What are the prime factors of 6525?
3, 5, 29
List the prime factors of 36270.
2, 3, 5, 13, 31
List the prime factors of 12333.
3, 4111
What are the prime factors of 9463?
9463
List the prime factors of 719.
719
What are the prime factors of 1012?
2, 11, 23
List the prime factors of 948.
2, 3, 79
List the prime factors of 68.
2, 17
List the prime factors of 43535.
5, 8707
List the prime factors of 680.
2, 5, 17
What are the prime factors of 177?
3, 59
List the prime factors of 9844.
2, 23, 107
What are the prime factors of 7274?
2, 3637
List the prime factors of 80592.
2, 3, 23, 73
List the prime factors of 581.
7, 83
List the prime factors of 2376.
2, 3, 11
What are the prime factors of 3155?
5, 631
List the prime factors of 3235.
5, 647
List the prime factors of 4116.
2, 3, 7
What are the prime factors of 33761?
7, 13, 53
What are the prime factors of 372?
2, 3, 31
List the prime factors of 60787.
89, 683
What are the prime factors of 9502?
2, 4751
What are the prime factors of 23063?
23063
List the prime factors of 102780.
2, 3, 5, 571
What are the prime factors of 54516?
2, 3, 7, 11, 59
What are the prime factors of 2274?
2, 3, 379
List the prime factors of 757.
757
List the prime factors of 18427.
18427
What are the prime factors of 7815?
3, 5, 521
What are the prime factors of 3911?
3911
List the prime factors of 12223.
17, 719
List the prime factors of 18682.
2, 9341
List the prime factors of 3613.
3613
List the prime factors of 147180.
2, 3, 5, 11, 223
What are the prime factors of 1596?
2, 3, 7, 19
List the prime factors of 17709.
3, 5903
List the prime factors of 2774.
2, 19, 73
List the prime factors of 46158.
2, 3, 7, 157
What are the prime factors of 1288?
2, 7, 23
List the prime factors of 51368.
2, 6421
What are the prime factors of 6908?
2, 11, 157
What are the prime factors of 1195?
5, 239
List the prime factors of 9454.
2, 29, 163
List the prime factors of 1077.
3, 359
What are the prime factors of 391?
17, 23
What are the prime factors of 490?
2, 5, 7
List the prime factors of 5287.
17, 311
What are the prime factors of 919?
919
List the prime factors of 27081.
3, 17, 59
What are the prime factors of 2614?
2, 1307
What are the prime factors of 30046?
2, 83, 181
What are the prime factors of 3865?
5, 773
What are the prime factors of 25315?
5, 61, 83
What are the prime factors of 15?
3, 5
List the prime factors of 6203.
6203
List the prime factors of 251.
251
What are the prime factors of 189195?
3, 5, 12613
List the prime factors of 32886.
2, 3, 7, 29
What are the prime factors of 430?
2, 5, 43
List the prime factors of 3775.
5, 151
What are the prime factors of 21466?
2, 10733
What are the prime factors of